{"id":170,"date":"2015-12-29T18:23:58","date_gmt":"2015-12-29T21:23:58","guid":{"rendered":"http:\/\/ibflauro.com.br\/site\/?page_id=170"},"modified":"2016-01-01T11:31:26","modified_gmt":"2016-01-01T14:31:26","slug":"leitura-biblica-anual","status":"publish","type":"page","link":"http:\/\/ibflauro.com.br\/site\/?page_id=170","title":{"rendered":"Leitura B\u00edblica Anual"},"content":{"rendered":"<p>A partir de 01 de janeiro de 2016 toda a nossa igreja estar\u00e1 envolvida com a <strong>Campanha de Leitura B\u00edblica Anual<\/strong>.<br \/>\nCom o intuito de aproximar a Palavra de Deus dos membros e torn\u00e1-la parte integrante e ativa do seu dia-a-dia, lan\u00e7amos este desafio, certos de que o Senhor nos guiar\u00e1 e aben\u00e7oar\u00e1 em todo o tempo.<\/p>\n<p>Se voc\u00ea deseja participar tamb\u00e9m desta campanha conosco, fa\u00e7a<a href=\"http:\/\/www.ibflauro.com.br\/site\/wp-content\/downloads\/Campanha%20de%20Leitura%20B%EDblica%20Anual%20para%20impress%E3o.pdf\"> aqui o download<\/a> gratuito do plano anual de leitura que estaremos utilizando, baseado no plano de Robert Roberts. Deus te aben\u00e7oe.<\/p>\n<h5><em>&#8220;Toda Escritura \u00e9 inspirada por Deus\u00a0e \u00fatil para o ensino,repreens\u00e3o, corre\u00e7\u00e3o e instru\u00e7\u00e3o na justi\u00e7a,\u00a0para que o homem de Deus seja apto e plenamente preparado\u00a0para toda boa obra.&#8221; (2Tm 3:16,17)<\/em><\/h5>\n","protected":false},"excerpt":{"rendered":"<p>A partir de 01 de janeiro de 2016 toda a nossa igreja estar\u00e1 envolvida com a Campanha de Leitura B\u00edblica Anual. Com o intuito de aproximar a Palavra de Deus dos membros e torn\u00e1-la parte integrante e ativa do seu<\/p>\n","protected":false},"author":1,"featured_media":0,"parent":0,"menu_order":0,"comment_status":"closed","ping_status":"closed","template":"","meta":[],"_links":{"self":[{"href":"http:\/\/ibflauro.com.br\/site\/index.php?rest_route=\/wp\/v2\/pages\/170"}],"collection":[{"href":"http:\/\/ibflauro.com.br\/site\/index.php?rest_route=\/wp\/v2\/pages"}],"about":[{"href":"http:\/\/ibflauro.com.br\/site\/index.php?rest_route=\/wp\/v2\/types\/page"}],"author":[{"embeddable":true,"href":"http:\/\/ibflauro.com.br\/site\/index.php?rest_route=\/wp\/v2\/users\/1"}],"replies":[{"embeddable":true,"href":"http:\/\/ibflauro.com.br\/site\/index.php?rest_route=%2Fwp%2Fv2%2Fcomments&post=170"}],"version-history":[{"count":7,"href":"http:\/\/ibflauro.com.br\/site\/index.php?rest_route=\/wp\/v2\/pages\/170\/revisions"}],"predecessor-version":[{"id":177,"href":"http:\/\/ibflauro.com.br\/site\/index.php?rest_route=\/wp\/v2\/pages\/170\/revisions\/177"}],"wp:attachment":[{"href":"http:\/\/ibflauro.com.br\/site\/index.php?rest_route=%2Fwp%2Fv2%2Fmedia&parent=170"}],"curies":[{"name":"wp","href":"https:\/\/api.w.org\/{rel}","templated":true}]}}